02 (base 6) in base 15?
16b
Convert -20350 (base 10) to base 11.
-14320
What is -34b9 (base 14) in base 12?
-538b
What is -1111100101 (base 2) in base 16?
-3e5
b67 (base 16) to base 5
43134
1212012 (base 4) to base 8
14606
-101100110011 (base 2) to base 4
-230303
Convert -265a (base 11) to base 9.
-4656
Convert -102102 (base 3) to base 8.
-464
What is -303022 (base 4) in base 10?
-3274
What is -a5a (base 11) in base 7?
-3501
-5737 (base 9) to base 2
-1000010010110
-a98 (base 12) to base 2
-11000010100
-1428 (base 11) to base 13
-abc
What is -126 (base 10) in base 4?
-1332
Convert 9ab (base 13) to base 3.
2021120
Convert -b516 (base 14) to base 7.
-156626
-246 (base 9) to base 7
-411
What is 26 (base 12) in base 10?
30
What is -608 (base 16) in base 4?
-120020
2221032 (base 4) to base 9
15763
Convert -20603 (base 8) to base 2.
-10000110000011
Convert 110 (base 14) to base 9.
253
3211 (base 4) to base 11
199
Convert -115115 (base 6) to base 3.
-111222202
What is -b16 (base 12) in base 2?
-11001000010
Convert 215a (base 12) to base 16.
e56
Convert -1547 (base 15) to base 16.
-11d7
Convert -7302 (base 9) to base 4.
-1103210
9b37 (base 12) to base 14
6391
What is -5113 (base 6) in base 11?
-933
44502 (base 6) to base 14
23b0
What is 181 (base 16) in base 15?
1aa
What is 400 (base 11) in base 6?
2124
Convert f49 (base 16) to base 9.
5327
Convert -1340 (base 6) to base 9.
-426
231002 (base 4) to base 9
3852
What is -581 (base 11) in base 6?
-3114
What is 20222 (base 3) in base 14?
d6
Convert -1183 (base 14) to base 11.
-2328
-4aa1 (base 13) to base 5
-314414
-139 (base 15) to base 6
-1143
What is -2940 (base 10) in base 13?
-1452
What is -3112232 (base 4) in base 15?
-4112
-300310 (base 4) to base 8
-6064
Convert -75507 (base 8) to base 16.
-7b47
What is 120250 (base 6) in base 4?
2203212
-1479 (base 12) to base 6
-15033
What is 11a32 (base 15) in base 14?
16733
What is -123041 (base 5) in base 2?
-1001010100011
What is -be4 (base 15) in base 5?
-41224
Convert 14a8a (base 11) to base 6.
242253
1011010000 (base 2) to base 12
500
What is 26a (base 14) in base 12?
346
-25a8 (base 11) to base 7
-12604
What is 45 (base 6) in base 9?
32
Convert 232 (base 4) to base 8.
56
What is 14b (base 16) in base 10?
331
-14210 (base 6) to base 16
-8be
What is 420 (base 9) in base 11?
291
2399 (base 13) to base 8
11643
Convert -c63 (base 16) to base 14.
-1227
Convert -10000010001 (base 2) to base 14.
-545
What is -3753 (base 10) in base 14?
-1521
What is -1200120110 (base 3) in base 13?
-12177
211503 (base 7) to base 16
8efe
What is 90a7 (base 14) in base 10?
24843
28a26 (base 12) to base 11
39716
Convert -1b (base 12) to base 8.
-27
-1043103 (base 5) to base 11
-12a14
Convert -8c3 (base 14) to base 3.
-2101102
Convert -571 (base 10) to base 5.
-4241
10202101 (base 4) to base 14
6aad
What is 21103 (base 7) in base 10?
5197
What is 2122 (base 7) in base 5?
11001
What is 5a5 (base 14) in base 10?
1125
640 (base 8) to base 16
1a0
72d (base 16) to base 12
1091
What is -535 (base 9) in base 14?
-233
-44524 (base 8) to base 4
-10211110
Convert -1002 (base 8) to base 7.
-1333
What is -714 (base 13) in base 10?
-1200
-21020102 (base 3) to base 7
-21245
110231112 (base 4) to base 7
502203
What is 1010212 (base 4) in base 14?
1858
Convert 7e6 (base 15) to base 12.
1053
-1777 (base 8) to base 14
-531
Convert 762 (base 16) to base 14.
990
What is -678 (base 10) in base 13?
-402
What is 2255 (base 7) in base 3?
1010112
-61442 (base 9) to base 3
-2001111102
Convert 152241 (base 7) to base 10.
29625
-11002 (base 4) to base 14
-190
What is -515 (base 10) in base 3?
-201002
Convert -362 (base 16) to base 10.
-866
What is 77 (base 13) in base 3?
10122
-133 (base 14) to base 10
-241
What is -28323 (base 10) in base 7?
-145401
What is -111100110 (base 2) in base 15?
-226
What is -110200 (base 3) in base 5?
-2332
What is 559 (base 13) in base 14?
499
-3352 (base 8) to base 9
-2376
What is 6a3 (base 14) in base 16?
527
-11472 (base 8) to base 12
-2a22
Convert 112233 (base 4) to base 10.
1455
Convert -1101100001000 (base 2) to base 15.
-20b5
1901 (base 10) to base 14
99b
-a84 (base 11) to base 12
-906
-283 (base 12) to base 4
-12003
What is 212212 (base 3) in base 8?
1204
Convert -5351 (base 9) to base 6.
-30114
What is 729 (base 10) in base 11?
603
-1030132 (base 5) to base 11
-121a8
1202113 (base 4) to base 15
1cea
Convert -111000101010011 (base 2) to base 7.
-150403
What is 1059 (base 11) in base 6?
10243
Convert 14571 (base 8) to base 7.
25004
13761 (base 8) to base 12
3669
Convert -ec2c (base 15) to base 7.
-265515
-41 (base 6) to base 11
-23
-3542 (base 6) to base 13
-509
Convert 2696 (base 15) to base 12.
4929
Convert -14633 (base 7) to base 10.
-4091
2056 (base 9) to base 6
10553
-9625 (base 12) to base 15
-4d15
-4550 (base 6) to base 9
-1423
Convert 6546 (base 8) to base 16.
d66
Convert -198 (base 12) to base 10.
-260
Convert -3443 (base 8) to base 12.
-1083
Convert 10462 (base 8) to base 10.
4402
Convert 33465 (base 7) to base 3.
102121220
43104 (base 6) to base 16
16f0
-3301 (base 4) to base 14
-133
Convert 11012220 (base 3) to base 2.
110000000011
What is -1042 (base 7) in base 2?
-101110101
Convert -11201 (base 4) to base 13.
-212
10011110 (base 2) to base 7
314
What is 247 (base 8) in base 12?
11b
What is -125 (base 6) in base 7?
-104
Convert -2031303 (base 5) to base 4.
-20020300
-11011110 (base 2) to base 10
-222
1d7 (base 14) to base 11
320
What is -602 (base 9) in base 10?
-488
What is -102201 (base 3) in base 14?
-188
What is d5 (base 16) in base 2?
11010101
b599 (base 15) to base 11
26934
What is -353 (base 8) in base 12?
-177
What is -1311033 (base 4) in base 6?
-54423
cc96 (base 14) to base 13
13170
Convert -2214 (base 11) to base 15.
-ce9
What is -1137 (base 10) in base 5?
-14022
31410 (base 5) to base 9
2788
Convert -10101010101101 (base 2) to base 15.
-3385
What is b1a (base 14) in base 9?
2882
What is -b7 (base 14) in base 16?
-a1
What is -3977 (base 10) in base 14?
-1641
What is 101201 (base 4) in base 8?
2141
Convert -13a1 (base 13) to base 11.
-2148
Convert 14032 (base 9) to base 7.
36500
Convert -2075 (base 9) to base 15.
-6bb
Convert -30334 (base 6) to base 13.
-1aa1
86 (base 13) to base 2
1101110
What is 93aa (base 12) in base 15?
4b94
1084 (base 10) to base 14
576
What is -4b8 (base 13) in base 6?
-3455
172 (base 8) to base 14
8a
179 (base 12) to base 16
ed
What is 5253 (base 16) in base 9?
31816
What is 34325 (base 6) in base 7?
20135
Convert -2116 (base 11) to base 4.
-223300
What is 202123 (base 4) in base 5?
32303
What is -10100201000 (base 3) in base 12?
-32323
2780 (base 10) to base 9
3728
What is -6 (base 10) in base 2?
-110
-2430 (base 8) to base 14
-692
642 (base 9) to base 15
24e
Convert 56 (base 13) to base 11.
65
-82 (base 9) to base 8
-112
Convert -5310 (base 7) to base 2.
-11101001101
What is 18178 (base 9) in base 3?
122012122
-1623 (base 11) to base 8
-4042
3505 (base 6) to base 11
698
What is 4775 (base 15) in base 13?
6bb1
What is -12787 (base 13) in base 15?
-a234
-18 (base 12) to base 3
-202
What is 322 (base 6) in base 4?
1322
-327 (base 13) to base 14
-2a8
What is 24302 (base 5) in base 3?
2111200
What is 2112 (base 10) in base 12?
1280
What is 7ab (base 13) in base 2?
10100101100
What is 4061 (base 9) in base 12?
1877
1c1 (base 13) to base 14
194
What is 40304 (base 5) in base 14?
d23
Convert -745 (base 10) to base 2.
-1011101001
-1434 (base 8) to base 9
-1074
143058 (base 9) to base 14
23c85
-152 (base 7) to base 8
-126
Convert -16d2 (base 14) to base 15.
-1339
What is 1102 (base 11) in base 10?
1454
Convert 44221 (base 6) to base 15.
1c3d
Convert -62c (base 15) to base 16.
-570
What is -1b49 (base 14) in base 5?
-124330
423 (base 8) to base 4
10103
What is -301 (base 13) in base 10?
-508
Convert -168 (base 11) to base 6.
-523
What is 1111021 (base 4) in base 9?
7424
2e80 (base 16) to base 13
5559
100011100011 (base 2) to base 8
4343
-2b0 (base 13) to base 3
-122211
423033 (base 5) to base 13
658c
4412004 (base 5) to base 7
434136
Convert -787 (base 10) to base 14.
-403
Convert -120550 (base 6) to base 14.
-3bd8
294 (base 10) to base 7
600
-533 (base 7) to base 10
-269
What is -100111011101111 (base 2) in base 9?
-30642
-7a3 (base